 w?
2
Suppose 0 = 6*o - 11*o - 810. Let d = 108 + o. Let c = 57 + d. What is the units digit of c?
3
Let x = 19778 - 18016. What is the hundreds digit of x?
7
Let c = 590 + -585. Suppose c*k = -5*j + 3530, -16*k - 2824 = -20*k - 5*j. What is the units digit of k?
6
Suppose 46*k + 4279 = 47*k - i, 2*k - 4*i - 8558 = 0. What is the hundreds digit of k?
2
Let b(a) = a**3 + 13*a**2 + a + 14. Let k be b(-13). Let w(d) = -321*d + 1. Let l be w(k). What is the tens digit of ((-21)/5 + 3)*l/6?
6
Let m(h) = 1835*h + 2157. What is the units digit of m(6)?
7
Suppose 0*m = 3*x - m - 5748, -7664 = -4*x + 5*m. Let d = x + -1260. What is the units digit of d?
6
Let y be (0 + (-18)/15)/(30/(-75)). Suppose 3*v + y*a = v + 961, v + 2*a = 482. What is the units digit of v?
6
Let m(x) = -79*x**3 - 117*x**2 - 15*x - 168. What is the units digit of m(-7)?
1
Let u be (-25)/(-10) - 1/(-2). Suppose 3 = u*s, -3 = -4*y + y + 3*s. Suppose -3*d - d = y*g - 46, 0 = -4*g + 5*d + 53. What is the units digit of g?
7
Let f = 2599 + 311. What is the hundreds digit of f?
9
Let w be ((-112838)/(-33))/(4/6) + 4. Let y = w - 3665. What is the hundreds digit of y?
4
Let t(a) = 9*a**2 - 7*a + 16. Let n be t(5). Suppose -n = -5*o + 879. Let z = -96 + o. What is the hundreds digit of z?
1
Let v be (-170)/(-595) - -3*3/(-7). What is the tens digit of -4 + 77 + v + 4?
7
Suppose -q = -6*q + 245. Let g = q + -43. Suppose 197 = g*i - 811. What is the tens digit of i?
6
Let g = 4482 + -1067. What is the thousands digit of g?
3
Suppose k - 5*u = -181, 0 = -u - 16 + 19. Let l = 505 - 152. Let m = l + k. What is the tens digit of m?
8
Let b(p) be the first derivative of 200*p**2 - 3*p + 16. Let r be b(1). Suppose -4*q - 5*a = -r, -4*q + 2*a = -3*q - 83. What is the tens digit of q?
9
Let d = -1921 + 2898. What is the units digit of d?
7
Let t be ((-17)/5 - -3) + 1185/25. Suppose -3*v - 31 = t. Let q(y) = y**3 + 25*y**2 - 40*y - 52. What is the tens digit of q(v)?
1
Let b = 1124 - 597. What is the tens digit of (36/10)/(-7 - b/(-75))?
3
Let f = 11845 + -408. What is the hundreds digit of f?
4
Let o(g) = -g**3 - 24*g**2 - 23*g + 3. Let u be o(-23). Suppose 28*p - u*p = 37025. What is the hundreds digit of p?
4
Let b(s) be the second derivative of -s**4/12 + 17*s**3/6 - 37*s**2/2 - 16*s. Let r be b(9). Suppose -r = -3*u + 298. What is the tens digit of u?
1
Let p be (-1)/(-6) + (-217)/42. What is the tens digit of (-14077)/(-35) - (-6)/p?
0
Suppose 160*z = 159*z + 48. What is the tens digit of z?
4
Let h(r) = r**2 - 8*r - 12. Let t be h(9). Let z be (-2)/(-1) - t*(-5)/(-15). Suppose z*a - 258 = -2*q, 5*a + 71 + 32 = q. What is the hundreds digit of q?
1
Let x = -27 + -8. Let j = x - -41. What is the tens digit of 64/j*(-13 - -16)?
3
Let b(o) = -5*o**2 + 6*o**2 + 11 + 48. Suppose -16 = -i - 5*u + 9, -3*u + 15 = 3*i. What is the tens digit of b(i)?
5
Suppose -2*v = 2*w - 872, -2*v - 256 = -2*w + 636. Let q = 230 + w. What is the hundreds digit of q?
6
Suppose 464 = 6*s + 455 - 975. What is the units digit of s?
4
Suppose -89*j + 4*k = -88*j - 5669, 0 = 2*j - 3*k - 11313. What is the tens digit of j?
4
Let x = -367 - -802. Let f = 54 - 51. Suppose -f*i + 2*m + 430 = 112, 4*i - x = -m. What is the tens digit of i?
0
Let f be 2/(-10) + 82/10. Suppose -8 = f*t - 0. What is the units digit of t + 61/(3 - 2)?
0
Let y be 2 + 2 - (-12)/(-12). Let l = -37 - -52. Suppose y*r - 54 + l = 0. What is the tens digit of r?
1
Let i = -80796 + 140833. What is the thousands digit of i?
0
Suppose 0 = -4*p - 44 + 64. Let s be (p - (-1115)/35) + 1/7. Suppose -605 = -6*a + s. What is the tens digit of a?
0
Let j(d) = d + 6. Let y be 0 + (42/(-24))/((-2)/(-8)). Let x be j(y). What is the tens digit of (-2)/(-5)*x - (-2149)/35?
6
Suppose -5*i = -4 - 6, 0 = 4*h + i - 2986. Let n = h - -480. What is the hundreds digit of n?
2
Suppose 9 = -3*k, -22*s = -21*s + 3*k - 2585. What is the thousands digit of s?
2
Let n(c) = c**2 - 12*c - 26. Let k be n(13). Let p(h) = -h**3 - 14*h**2 - 15*h + 9. Let m be p(k). What is the tens digit of 62 + ((-6)/(-21) - (-95)/m)?
6
Let i(s) be the second derivative of -1/6*s**4 - 1/20*s**5 + 13/3*s**3 + 0 - 39*s + 13/2*s**2. What is the tens digit of i(-7)?
7
Let v(a) = a**2 - 4*a + 12. Let n be v(19). Let r = -55 + n. What is the tens digit of r?
4
Suppose 2*g + 0 + 3 = -n, -2*g + 5*n + 15 = 0. Let h = -3 + g. What is the tens digit of h/((-12)/(-16)) - -86?
8
Let w = 6890 - 890. What is the hundreds digit of w?
0
Let b(m) = -14*m + 15*m + 13 + 5. Let y be b(-18). Suppose -5*c + 813 = 4*n, y = 2*c - c + 2*n - 159. What is the tens digit of c?
6
Let c(s) = 4*s**3 - 4*s**2 - s + 40. Let i be c(5). Suppose 118 - 305 = -2*w + 3*p, -5*w + p + i = 0. What is the units digit of w?
6
Suppose -35*f = -36*f + 16. Suppose -2550 + 390 = -f*l. What is the hundreds digit of l?
1
Let n be 389 + 0 - (12/4 - 4). Suppose -u - 1815 = -5*t + u, -t - 5*u + n = 0. What is the units digit of t?
5
Suppose -76092 = -2*x - 12*r, -28*x + r = -30*x + 76059. What is the units digit of x?
8
Let v(p) = 9*p**2. Let l be v(-2). Let o = l - 40. What is the tens digit of (-3 - -305)*(-2)/o?
5
Let l = -1 + 1. Suppose -5*j - 126 + 571 = l. Let g = j + -32. What is the units digit of g?
7
Let o(r) = 1500*r**2 + 43*r + 105. What is the units digit of o(-2)?
9
Suppose -v + 1 = -2*v, -3*x + 2*v + 11093 = 0. Suppose 0 = 5*m - 2*o - x, -m + 721 = 2*o - 7*o. What is the units digit of m?
1
Let b be -16 - (4 + (1 - 3)). Let v be (22/b + (-30)/(-135))*-2. Suppose -v*p + 5*p = 4*j + 530, 2*j = -2*p + 330. What is the tens digit of p?
7
Suppose -3*u - 3*u - 1998 = 0. Let v = 529 + u. What is the hundreds digit of v?
1
Let j(v) = -v - 5. Let k(x) = -4*x - 14. Let p(f) = 17*j(f) - 6*k(f). Let r be p(1). Let b(n) = n**3 - 6*n**2 + 10*n - 13. What is the tens digit of b(r)?
4
Let p(r) = -1230*r**3 + 3*r**2 - 37*r - 38. What is the units digit of p(-1)?
2
What is the ten thousands digit of (-4)/(-80)*-2 + 5028775/250?
2
Suppose 5*t - 5 = -5*y + 30, 0 = 3*y + 4*t - 20. Suppose -4*u = -m + 758, 3*m + 5*u = y*m - 3805. What is the hundreds digit of m?
7
Let p = -6119 + 9910. What is the hundreds digit of p?
7
Let c be 10/(-3)*9/(-6). Suppose -u = j - 131 - 166, 2*j = -c*u + 579. What is the tens digit of j?
0
Let d = 1563 + -684. What is the units digit of (8/(-12) - 33/(-9)) + d?
2
Suppose 4*n - 1729 = 1067. Let i = 1299 - n. What is the units digit of i?
0
Let l = 7240 + -4423. Let q = l - 1094. What is the hundreds digit of q?
7
Suppose 224742 = 54*l + 27*l + 52212. What is the thousands digit of l?
2
What is the thousands digit of 46 + -43 - (-5625)/1?
5
What is the hundreds digit of -9*((-23)/(-161) + (-53434)/21) - -5?
9
Suppose v = 4*j - 22, 0*v - 3*j + 11 = 2*v. Let t(k) be the third derivative of -15*k**4/8 - k**3 - 9*k**2. What is the units digit of t(v)?
4
Let z(x) = 2*x + 23. Let j be z(-4). Let f be (-4368)/(-5) + 6/j. What is the tens digit of 2/(-15) - (6 - f/30)?
2
Let a(g) = 135 - 63 - 65 - 165*g. What is the tens digit of a(-3)?
0
Let g(o) = o**3 + 11*o**2 - 292*o + 30. What is the hundreds digit of g(23)?
3
Suppose -s + 8392 = 4752. What is the thousands digit of s?
3
Let c(p) = 1013*p + 3891. What is the units digit of c(7)?
2
Let y be ((-174)/4)/((-4)/8). Let z = -439 + 442. Suppose z*s - 159 = y. What is the units digit of s?
2
Let b = -1466 + 2174. Suppose -12*w - 1808 = -5*v - 10*w, 2*v = -3*w + b. What is the units digit of v?
0
Suppose 2*m - 178 - 487 = -3*s, -m = 2*s - 444. Suppose 4*r = t + s + 49, -3*t = -r + 79. Suppose -1 = -4*n + r. What is the units digit of n?
7
Suppose -48117 = -3*l + 2*s, 34*l + 16059 = 35*l - 4*s. What is the ten thousands digit of l?
1
Let w be (-4)/(1 + 0/7). What is the hundreds digit of ((-50)/12 - w) + (-1874)/(-12)?
1
Suppose 4*c + t + 82 = 0, c - 4*t - 2 + 14 = 0. What is the hundreds digit of ((-76)/c + -3)*-1*-350?
2
Suppose 0*x + 3*x + 2*l + 30 = 0, 2*x - 5*l + 1 = 0. Let c be (x/10)/(4/(-10)). Suppose -7*u + c*u = -460. What is the units digit of u?
2
Let l = 349 - 772. Let m = l + 723. What is the tens digit of m?
0
Suppose -187*q = 125*q - 13447773 - 1498899. What is the hundreds digit of q?
9
Suppose 37 = -3*f + 49. Suppose -15*t - f = -16*t. Suppose 223 = t*z - 473. What is the u